e 8) in base 2?
-1011000111010
What is 39c6 (base 15) in base 9?
17826
What is 121202 (base 3) in base 16?
1c4
-1011101001 (base 2) to base 8
-1351
Convert 1456 (base 10) to base 4.
112300
-102a (base 11) to base 4
-111103
Convert 1b496 (base 12) to base 9.
61416
1000012 (base 3) to base 15
33e
Convert -7337 (base 8) to base 13.
-196b
What is -1000 (base 5) in base 4?
-1331
-1000001011 (base 2) to base 3
-201101
17838 (base 12) to base 15
a138
Convert -354 (base 10) to base 7.
-1014
-1111110001 (base 2) to base 6
-4401
-a389 (base 15) to base 7
-202512
Convert 4a3 (base 13) to base 6.
3425
Convert 4010 (base 6) to base 15.
3d0
What is -acdc (base 15) in base 7?
-211605
-3716 (base 8) to base 3
-2202000
639 (base 14) to base 6
5403
What is 31212 (base 5) in base 11?
1600
Convert -211 (base 9) to base 12.
-124
What is -1038 (base 10) in base 14?
-542
Convert -1001110011010000 (base 2) to base 11.
-28185
Convert -297 (base 10) to base 12.
-209
Convert -951 (base 16) to base 11.
-1879
285a (base 13) to base 3
21222121
8489 (base 11) to base 6
123553
What is 10417 (base 8) in base 10?
4367
-baa (base 15) to base 5
-41020
10000001011 (base 2) to base 3
1102100
30 (base 10) to base 11
28
-26ce (base 16) to base 15
-2e24
What is -7359 (base 11) in base 3?
-111100220
What is 1040215 (base 6) in base 2?
1100101011010011
-8584 (base 9) to base 4
-1202221
-214101 (base 6) to base 4
-10111111
What is -24222 (base 6) in base 12?
-2072
-132 (base 12) to base 13
-110
Convert 12823 (base 9) to base 7.
34221
608 (base 14) to base 4
102200
What is -7433 (base 8) in base 12?
-22a3
231330 (base 5) to base 9
12386
3330323 (base 5) to base 7
331501
1b3 (base 16) to base 14
231
What is 13465 (base 8) in base 3?
22011001
Convert -2712 (base 8) to base 2.
-10111001010
11112000 (base 3) to base 16
cde
Convert 65f9 (base 16) to base 6.
320505
-2055 (base 8) to base 11
-892
314355 (base 7) to base 9
82533
What is -43146 (base 11) in base 10?
-62728
Convert -33635 (base 7) to base 11.
-6475
What is 20a9 (base 12) in base 4?
320001
-15002 (base 6) to base 13
-110c
What is -205670 (base 8) in base 14?
-1ad96
What is -1011000100101111 (base 2) in base 4?
-23010233
Convert -18714 (base 9) to base 3.
-122210111
What is -3413 (base 13) in base 14?
-2923
-20a0 (base 12) to base 15
-10d6
Convert -2143 (base 7) to base 13.
-46c
What is -113 (base 8) in base 7?
-135
-24220 (base 8) to base 4
-2202100
What is 325 (base 16) in base 15?
38a
231 (base 6) to base 2
1011011
What is -103 (base 6) in base 13?
-30
What is 371 (base 9) in base 5?
2212
What is -52 (base 6) in base 2?
-100000
-123330 (base 4) to base 14
-91a
What is -10222 (base 4) in base 8?
-452
-11607 (base 9) to base 14
-2b9d
What is -32220 (base 4) in base 14?
-4ac
100101 (base 3) to base 8
375
Convert 111101121 (base 3) to base 16.
2623
Convert -6052 (base 15) to base 10.
-20327
Convert -121212122 (base 3) to base 16.
-300e
738 (base 10) to base 2
1011100010
1010001000 (base 2) to base 16
288
Convert 54 (base 15) to base 10.
79
Convert 185 (base 14) to base 11.
265
-101130021 (base 4) to base 12
-35409
What is 309a (base 11) in base 10?
4102
-1020101122 (base 3) to base 11
-17321
121 (base 6) to base 7
100
Convert 45124 (base 8) to base 16.
4a54
1000111100 (base 2) to base 5
4242
Convert -11001010110 (base 2) to base 14.
-83c
What is 8d4 (base 16) in base 10?
2260
Convert 104 (base 14) to base 16.
c8
What is -112110 (base 3) in base 11?
-325
10201 (base 5) to base 15
301
Convert 1034 (base 5) to base 2.
10010000
Convert -5543 (base 10) to base 9.
-7538
Convert bc84 (base 13) to base 15.
7bd8
2231433 (base 5) to base 2
1001101011000010
What is -247 (base 11) in base 9?
-355
What is cb30 (base 13) in base 12?
14432
What is -212 (base 8) in base 11?
-116
-3002 (base 6) to base 9
-802
Convert 477 (base 10) to base 7.
1251
54431 (base 6) to base 2
1110101010011
What is -3841 (base 12) in base 13?
-2ba2
2088 (base 13) to base 11
3427
What is 12815 (base 9) in base 16?
21e9
Convert -196 (base 12) to base 4.
-10002
-3ca3 (base 14) to base 13
-4b62
What is -201011 (base 4) in base 3?
-2220102
What is -2210000122 (base 3) in base 14?
-15d08
What is 45 (base 14) in base 16?
3d
Convert 2055 (base 8) to base 2.
10000101101
Convert 12d (base 14) to base 7.
456
What is -6d1b (base 14) in base 4?
-10221131
What is 32135 (base 6) in base 5?
120004
What is 4174 (base 8) in base 10?
2172
-1000100011 (base 2) to base 12
-397
2023 (base 4) to base 11
117
What is 2718 (base 14) in base 10?
6882
What is 8a23 (base 12) in base 14?
5803
Convert -24067 (base 10) to base 2.
-101111000000011
Convert 33773 (base 8) to base 4.
3133323
What is -2a40 (base 12) in base 2?
-1001101010000
Convert -10515 (base 8) to base 16.
-114d
What is -10111011111000 (base 2) in base 16?
-2ef8
What is 560 (base 10) in base 15?
275
-1f21 (base 16) to base 3
-101221011
Convert -16 (base 15) to base 16.
-15
Convert 71 (base 9) to base 10.
64
What is 9408 (base 11) in base 14?
478b
What is -461 (base 14) in base 16?
-365
Convert 2341a (base 12) to base 15.
e004
Convert -5615 (base 7) to base 2.
-11111100101
-35137 (base 8) to base 16
-3a5f
Convert -115551 (base 6) to base 4.
-2201323
-c962 (base 15) to base 12
-207b5
Convert 176 (base 16) to base 3.
111212
442143 (base 5) to base 15
47ed
-9906 (base 16) to base 6
-501210
139b (base 12) to base 6
14315
110210211 (base 3) to base 8
22171
112111 (base 3) to base 7
1066
What is 103131 (base 5) in base 12?
2071
What is 36016 (base 7) in base 14?
3546
10b03 (base 12) to base 2
101011100110011
3541 (base 11) to base 6
33255
153 (base 15) to base 10
303
-542 (base 13) to base 9
-1208
-25f (base 16) to base 7
-1525
What is -12b1 (base 16) in base 8?
-11261
Convert -1a7 (base 16) to base 15.
-1d3
What is 1488 (base 12) in base 5?
34113
Convert -2570 (base 12) to base 5.
-114020
What is -32133 (base 6) in base 8?
-10431
-d221 (base 14) to base 10
-36093
What is -22928 (base 12) in base 2?
-1011010010110000
What is -4273 (base 15) in base 13?
-6525
40050 (base 6) to base 4
1101132
What is 5041 (base 7) in base 15?
7b4
110012210 (base 3) to base 4
2023020
Convert 877 (base 14) to base 4.
122021
Convert 41400 (base 5) to base 10.
2725
Convert 87d (base 16) to base 6.
14021
-1c02a (base 14) to base 11
-496a3
Convert -263 (base 13) to base 4.
-12203
Convert -c0 (base 15) to base 3.
-20200
Convert 631 (base 9) to base 8.
1002
-36 (base 15) to base 3
-1220
1111000100110 (base 2) to base 10
7718
1320b (base 12) to base 9
38862
What is -186 (base 13) in base 8?
-427
What is -103242 (base 5) in base 8?
-6764
Convert 521a (base 11) to base 7.
26112
Convert -64 (base 16) to base 15.
-6a
-40441 (base 5) to base 14
-d53
-33620 (base 8) to base 7
-56320
-500 (base 6) to base 10
-180
Convert 2127 (base 10) to base 5.
32002
What is 308a (base 11) in base 14?
16c3
Convert 52 (base 15) to base 5.
302
Convert -236 (base 13) to base 6.
-1435
142 (base 14) to base 12
192
Convert 38482 (base 10) to base 5.
2212412
What is -3608 (base 13) in base 12?
-44a5
What is 73c (base 13) in base 6?
5414
4553 (base 7) to base 16
677
Convert -3a7 (base 14) to base 4.
-23133
-181 (base 10) to base 16
-b5
1032012 (base 6) to base 11
3533a
What is 788 (base 12) in base 14?
596
What is 10012201 (base 3) in base 7?
6553
What is 45a (base 16) in base 3?
1112021
Convert 5100 (base 8) to base 16.
a40
1879 (base 14) to base 15
1499
dd (base 14) to base 9
236
What is 1000010101 (base 2) in base 6?
2245
What is -2322212 (base 4) in base 3?
-121101022
What is -1d9 (base 15) in base 12?
-2b9
Convert -4423 (base 6) to base 10.
-1023
Convert 246 (base 10) to base 15.
116
-126 (base 8) to base 7
-152
-1340 (base 9) to base 7
-2640
Convert 422040 (base 5) to base 15.
424a
Convert 77 (base 12) to base 4.
1123
What is -34573 (base 10) in base 16?
-870d
What is 302 (base 6) in base 7?
215
-2041 (base 5) to base 13
-17b
What is -4c49 (base 13) in base 10?
-10877
48d (base 14) to base 9
1220
What is 2323 (base 5) in base 15?
178
-3220210 (base 4) to base 8
-35044
What is 3919 (base 12) in base 11?
4980
Convert 1573 (base 10) to base 4.
120211
What is -4211 (base 6) in base 15?
-42d
Convert -3113 (base 4) to base 3.
-21222
Convert 3e4 (base 16) to base 14.
512
What is 433302 (base 5) in 